ate the highest common divisor of 2 and 5813.
1
Calculate the highest common divisor of 69555 and 390.
15
What is the highest common divisor of 3744 and 922272?
1248
Calculate the greatest common factor of 19360 and 7200.
160
Calculate the highest common factor of 3105 and 450.
45
Calculate the highest common factor of 638 and 676918.
638
Calculate the greatest common divisor of 335616 and 4807.
437
What is the greatest common factor of 1550021 and 14916?
1243
Calculate the highest common factor of 105 and 762405.
105
Calculate the highest common divisor of 3 and 158667.
3
What is the highest common divisor of 1752 and 10464?
24
Calculate the greatest common divisor of 924 and 16401.
231
Calculate the highest common divisor of 316 and 10349.
79
What is the greatest common divisor of 5824 and 4704?
224
Calculate the greatest common divisor of 28659 and 369.
123
What is the highest common factor of 168 and 130256?
56
Calculate the highest common factor of 94 and 398137.
47
What is the greatest common divisor of 8555 and 145?
145
What is the greatest common factor of 936618 and 888?
222
Calculate the greatest common divisor of 8110 and 10.
10
What is the highest common factor of 4671 and 75774?
519
Calculate the greatest common factor of 12248 and 488.
8
Calculate the highest common factor of 59946 and 73542.
618
Calculate the greatest common divisor of 3063093 and 55.
11
Calculate the greatest common factor of 1620 and 150.
30
Calculate the highest common factor of 384536 and 40.
8
Calculate the highest common factor of 17 and 10625.
17
Calculate the highest common factor of 255394 and 5540.
554
What is the highest common divisor of 287 and 1526?
7
Calculate the greatest common factor of 16254 and 28.
14
Calculate the highest common divisor of 1086696 and 208.
104
What is the highest common factor of 133 and 26817?
7
What is the highest common divisor of 27230 and 84?
14
Calculate the highest common divisor of 387426 and 26.
26
Calculate the greatest common divisor of 195 and 184275.
195
What is the highest common factor of 1991 and 57377?
181
Calculate the greatest common divisor of 4344693 and 87.
87
What is the highest common factor of 438 and 414786?
438
What is the highest common divisor of 21 and 5299?
7
Calculate the highest common factor of 677310 and 15.
15
What is the highest common divisor of 6109 and 31141?
149
Calculate the highest common factor of 2656 and 100.
4
Calculate the highest common divisor of 2 and 143698.
2
What is the greatest common divisor of 995392 and 32?
32
What is the highest common divisor of 475774 and 3770?
754
What is the highest common divisor of 24921 and 442?
13
What is the greatest common divisor of 403552 and 96?
32
What is the greatest common divisor of 15337560 and 10?
10
What is the greatest common divisor of 2002 and 3938?
22
What is the greatest common divisor of 31 and 9046327?
31
What is the greatest common divisor of 28946 and 3530?
706
Calculate the greatest common divisor of 437472 and 558.
558
Calculate the greatest common divisor of 152 and 121410.
38
Calculate the highest common factor of 948352 and 64.
64
What is the greatest common factor of 43364 and 1465?
293
Calculate the highest common divisor of 1152600 and 425.
425
Calculate the highest common factor of 5917 and 915.
61
Calculate the highest common divisor of 226 and 63619.
113
Calculate the greatest common divisor of 635344 and 48.
16
Calculate the greatest common factor of 2383480 and 1320.
440
What is the greatest common divisor of 8492 and 88?
44
What is the greatest common divisor of 2097 and 3060?
9
What is the highest common divisor of 2509 and 117?
13
What is the greatest common factor of 18 and 203931?
9
Calculate the highest common factor of 354 and 152102.
118
What is the greatest common divisor of 987 and 63?
21
What is the greatest common divisor of 291 and 184397?
97
What is the highest common divisor of 5625 and 1065?
15
What is the greatest common divisor of 108138 and 2814?
402
What is the greatest common divisor of 508155 and 435?
15
What is the greatest common divisor of 749870 and 1462?
34
What is the greatest common factor of 166 and 762438?
166
What is the greatest common factor of 2 and 85594?
2
Calculate the highest common divisor of 6 and 214316.
2
What is the highest common divisor of 15 and 11949?
3
What is the highest common factor of 9158 and 83386?
482
Calculate the highest common factor of 2270 and 520738.
454
What is the highest common factor of 56 and 20510?
14
Calculate the highest common divisor of 17 and 1139986.
17
What is the highest common divisor of 14298 and 30?
6
What is the greatest common divisor of 173623 and 319?
29
Calculate the highest common divisor of 6118 and 684.
38
Calculate the highest common factor of 5490 and 3924.
18
What is the highest common divisor of 24236 and 5548?
292
What is the greatest common divisor of 118552 and 74704?
1624
What is the highest common factor of 1278756 and 36?
36
Calculate the highest common divisor of 275 and 6402660.
55
What is the greatest common factor of 4935 and 57105?
705
What is the highest common factor of 68868 and 72?
36
Calculate the greatest common divisor of 1610 and 28658.
322
Calculate the greatest common factor of 105 and 230700.
15
Calculate the greatest common factor of 3210 and 60.
30
What is the highest common divisor of 48191 and 1348?
337
Calculate the highest common factor of 3239 and 10112.
79
What is the greatest common divisor of 183856 and 32?
16
Calculate the highest common divisor of 6533 and 1974.
47
What is the greatest common factor of 134881 and 39463?
589
Calculate the highest common factor of 20042 and 10648.
22
Calculate the highest common factor of 3279 and 27.
3
What is the highest common divisor of 189 and 1141?
7
What is the highest common divisor of 2394 and 1638?
126
What is the highest common divisor of 68980 and 40?
20
What is the greatest common factor of 246584 and 312?
104
What is the highest common factor of 338536 and 22?
22
What is the highest common factor of 759 and 88?
11
Calculate the highest common factor of 43300 and 100.
100
What is the greatest common factor of 54442 and 668?
334
What is the highest common divisor of 18 and 91035?
9
What is the greatest common factor of 3210 and 10620?
30
What is the greatest common divisor of 42 and 360171?
21
What is the highest common divisor of 26800 and 265?
5
Calculate the greatest common divisor of 22583 and 1375.
11
Calculate the highest common divisor of 136066 and 14.
14
Calculate the greatest common divisor of 11 and 1223387.
11
What is the greatest common factor of 75765 and 36?
3
What is the greatest common divisor of 964820 and 3040?
380
Calculate the highest common factor of 51 and 144891.
51
Calculate the highest common divisor of 84 and 145880.
28
Calculate the greatest common divisor of 248 and 316324.
124
What is the greatest common factor of 409376 and 352?
352
Calculate the greatest common divisor of 31125 and 249.
249
Calculate the highest common factor of 278754 and 42.
42
What is the highest common divisor of 109725 and 14421?
627
Calculate the highest common divisor of 145 and 2097860.
145
What is the greatest common factor of 33 and 486156?
33
Calculate the greatest common divisor of 176 and 294294.
22
Calculate the highest common divisor of 917 and 28.
7
What is the highest common factor of 40968 and 7056?
72
What is the highest common factor of 2 and 536?
2
Calculate the greatest common divisor of 900214 and 14.
14
What is the highest common divisor of 14706 and 13?
1
What is the greatest common factor of 6802 and 6?
2
What is the greatest common divisor of 90338 and 374?
34
What is the highest common factor of 634963 and 7?
7
What is the highest common factor of 16770 and 715?
65
What is the highest common factor of 583155 and 45?
45
Calculate the highest common divisor of 56 and 30926.
14
Calculate the greatest common divisor of 243 and 218619.
81
What is the greatest common factor of 17525 and 4175?
25
Calculate the highest common divisor of 21570 and 210.
30
What is the greatest common divisor of 2106 and 41796?
162
Calculate the highest common divisor of 3231957 and 114.
57
Calculate the highest common divisor of 20494 and 